 common divisor of f and y?
14
Let o = -126 - -139. What is the greatest common divisor of 169 and o?
13
Suppose 3*d + 4*u = 41, 0 = 3*d - d + u - 34. Suppose d = 2*q - 25. Calculate the highest common divisor of q and 55.
11
Suppose -2*u + 3 = -5*c + 5, -2*u = -4*c. Let m(d) = d**2 + 2*d + 2. Let l be m(-2). Calculate the greatest common divisor of c and l.
2
Let f(u) = -u**3 - 5*u**2 - u - 2. Let b be f(-5). Suppose 2*c + 153 = b*c. Calculate the greatest common divisor of 17 and c.
17
Let n = -5 - -9. Suppose 0 = n*s - 2*f - 94, -3*s + 5*s = 2*f + 52. What is the greatest common factor of 147 and s?
21
Suppose 0 = -2*h + 4*w + 74, 0*h + h + 2*w - 33 = 0. What is the greatest common factor of 245 and h?
35
Suppose 4*u - 2*a - a = 235, 0 = -u + a + 60. Calculate the greatest common factor of 22 and u.
11
Suppose -6*v = 2*v - 128. What is the greatest common divisor of v and 48?
16
Let b = -18 - -32. Let f be ((-105)/(-20))/((-3)/(-8)). What is the greatest common divisor of f and b?
14
Suppose -4*r + 12 = 4*a + 44, 0 = -2*a - 4*r - 8. Let b = a + 48. Calculate the highest common divisor of 9 and b.
9
Let s = -10 - -202. Suppose -4*y = 2*b - s, 72 = y - 3*b + 10. What is the highest common factor of y and 10?
10
Suppose 5*s - 213 = 127. Let o be 164/10 - (-6)/10. Calculate the greatest common divisor of s and o.
17
Let a = -284 - -584. Suppose -a = -4*h - h. What is the greatest common divisor of 12 and h?
12
Suppose 0 = w + 2 - 20. Suppose 4*z + 0*z = 16. Let b be 6/z*132/w. Calculate the highest common factor of 1 and b.
1
Suppose -x + 2*w = -42, 0*w = 2*w - 2. What is the highest common factor of x and 11?
11
Let d(s) = -3*s - 9. Let v be d(-6). Let m(l) = 6*l + 3 - 4 + 0 + 8*l. Let g be m(2). Calculate the greatest common divisor of g and v.
9
Let b = -16 + 10. Let z = b - -10. Suppose 4 = n - z. What is the highest common factor of n and 40?
8
Suppose 15 = 2*d + 7. Suppose 28 = 4*r - 4*p, r - 4*r = d*p - 42. Let q = 7 - 3. What is the greatest common divisor of r and q?
2
Let k be 2 + 7 + 1 + -4. Let g be k/(-4)*(-128)/24. What is the greatest common divisor of g and 2?
2
Let k = 4 - -11. Calculate the greatest common factor of k and 75.
15
Suppose 4*f = v + 8, f + 29 = 2*v + 2*f. Suppose -k - 2*q + v = 0, -2*q = -0*k + 4*k - 48. What is the highest common factor of k and 84?
12
Let j = 28 + -41. Let w = j - -21. Calculate the greatest common factor of w and 8.
8
Suppose 0*p = -3*p. Let q(c) = p + 4*c - 2 - 4. Let x be q(6). Calculate the greatest common divisor of 126 and x.
18
Suppose -2*r + 34 = -76. What is the greatest common factor of r and 22?
11
Suppose 0 = 3*v + 3*a - 12, 3*v + 4*a - 8 = 5. What is the greatest common divisor of 15 and v?
3
Suppose -3*t + 60 = 2*t. Suppose 2*x - 5*d - 4 = t, -d = -5*x + 63. Calculate the greatest common factor of 39 and x.
13
Suppose -2*d + 1726 = 3*z, 8*z + 2*d = 10*z - 1134. What is the highest common divisor of 52 and z?
52
Suppose 0*r + 5*r - 240 = 0. Let c = 17 - 5. What is the highest common factor of r and c?
12
Let x be 6/9 + (-10)/(-3). Suppose 0 = g + 4, 5*g - 26 = -x*k + 14. Calculate the greatest common divisor of 120 and k.
15
Let w(t) = t**3 + 4*t**2 - t - 2. Let c be w(-4). Suppose -6*m + 6 + 6 = 0. What is the highest common divisor of m and c?
2
Let u = -17 - -47. Let w be u - (2/1 - 2). Let m be w/(87/(-48) - -2). What is the highest common divisor of m and 20?
20
Let q = 113 - 89. Calculate the highest common factor of q and 3.
3
Suppose 5*f + 2*n = 44, f = 5*n + 19 + 6. Let y = -18 - -23. Calculate the highest common factor of y and f.
5
Let z = -13 + 36. Suppose 4*j - 95 = l, -l + 28 = 2*j - 15. Calculate the greatest common divisor of z and j.
23
Let a be ((-3)/(-9))/(4/48). What is the highest common divisor of a and 10?
2
Let n be 1*(-4 - (-4 + -18)). What is the greatest common divisor of 42 and n?
6
Let t = -28 + 10. Let y = -13 - t. Calculate the highest common divisor of 20 and y.
5
Suppose 2*n + 3*d - d - 12 = 0, -n - 2 = 5*d. What is the highest common factor of n and 8?
8
Let r(g) = -2*g**2 + 16*g + 16. Let i be r(8). What is the greatest common divisor of i and 4?
4
Let b = -121 - -193. Let x be (2*-1)/(2/(-9)). Calculate the greatest common factor of b and x.
9
Let t = -223 - -236. Let j be (-40)/7 + 4/(-14). Let x be (-4)/j + (-76)/(-3). What is the highest common divisor of t and x?
13
Suppose 0 = q - 6*q. Let x = 8 - q. What is the highest common factor of x and 32?
8
Let d = 191 - 146. What is the highest common factor of d and 120?
15
Suppose -4*l + 96 = -3*d, -4*l - 6 = -5*d - 110. Calculate the greatest common divisor of 3 and l.
3
Let c(w) = -16*w - 4. Let t be c(-6). Suppose 5*r + 2 = t. What is the greatest common divisor of r and 36?
18
Let c(m) = 27*m**3 + m**2 - 8*m + 4. Let l be c(2). Calculate the highest common divisor of l and 52.
52
Suppose 4 - 1 = p. Suppose 3*h - 37 = 35. Calculate the highest common factor of p and h.
3
Let t(i) = i**2 - i + 1. Let q(b) = 5*b**2 - 11*b + 4. Let c(m) = q(m) - 6*t(m). Let y be c(-4). Calculate the greatest common factor of 3 and y.
1
Let o = -128 + 180. What is the greatest common factor of 13 and o?
13
Let j be 2/(-4) - 11/(-2). Suppose -2*o + d + 19 = 2*o, -3*o + 19 = 4*d. Suppose 0 + o = j*y. Calculate the greatest common factor of 7 and y.
1
Suppose -x = -3 - 3. Let v be 272/x - (-8)/12. What is the greatest common divisor of 23 and v?
23
Let a be 20 + (18/2)/3. Let w = a - 16. Let f be (0 + -1 - 0) + 22. Calculate the highest common factor of f and w.
7
Let j = 1 + -6. Let k(n) = -n**3 - 5*n**2 - 3*n - 7. Let y be k(j). Let g be (-2)/((91/70)/(-13)). Calculate the greatest common factor of g and y.
4
Suppose a - 79 = -v, 3*a - 233 = v - 0*v. Let l(u) = 2*u**2 + 8*u + 2. Let t be l(-6). Calculate the highest common factor of a and t.
26
Suppose 7 = 3*r - 17. What is the highest common factor of r and 1?
1
Let t = -28 + -4. Let s = t - 118. Let c be ((-2)/(-6))/((-2)/s). What is the greatest common factor of c and 5?
5
Let h = -18 + 42. What is the greatest common factor of 16 and h?
8
Let o = 475 + -112. Calculate the highest common divisor of o and 33.
33
Let s be (1 + -263)/(2/(-1)). Suppose -s + 651 = 5*v. Suppose 2*k = 302 - v. What is the highest common divisor of k and 11?
11
Let u be -2 + (-4)/(8/(-10)). Calculate the highest common factor of 21 and u.
3
Let t(x) = x - 1. Let b be t(3). Let l = 43 + 28. Suppose -g = -b*c - l, 2*c + 0*c = -5*g + 319. Calculate the greatest common divisor of g and 26.
13
Suppose 372 = -4*v - 5*r, -5*v + v - 336 = -4*r. Let x = 133 + v. Calculate the greatest common factor of x and 9.
9
Suppose 0 = -7*k + 6*k + 21. What is the greatest common divisor of 21 and k?
21
Suppose -x + 50 = 3*u - 6*x, 0 = -x - 4. Suppose -3*y + u = -56. What is the greatest common factor of y and 66?
22
Let o = -9 + 12. Suppose -18 = 3*l - 2*w, -2*l - 2*w - 3*w - 12 = 0. Let p be (8/l)/((-2)/o). What is the highest common divisor of p and 1?
1
Suppose 0 = b - 116 - 24. Let g = -36 - -56. What is the highest common factor of g and b?
20
Let r(w) = w - 1. Let h be r(5). Suppose h*v = -s + 125, 3*v + 0*v - 70 = 4*s. What is the greatest common divisor of 20 and v?
10
Let z(n) = 6*n - 6. Let o be z(4). Let b = -16 + 18. Calculate the greatest common divisor of o and b.
2
Suppose 3 + 9 = 2*b. Suppose -3*r = -b*r + 24. Calculate the greatest common factor of 2 and r.
2
Let r(v) = v**3 + 7*v**2 - v - 5. Let c be r(-7). Suppose -c*f = f. Suppose -u + 44 + 33 = f. What is the highest common factor of u and 7?
7
Let b(j) = -j**3 - 13*j**2 - 2*j - 10. Let x be b(-13). What is the greatest common divisor of 4 and x?
4
Let t be (13/4 + -1)*704/16. Calculate the highest common factor of t and 22.
11
Suppose 10*s - 170 = 5*s. Calculate the highest common factor of 51 and s.
17
Suppose 23 = -8*n + 9*n. Calculate the highest common factor of n and 115.
23
Let z = -37 + 43. What is the greatest common divisor of 9 and z?
3
Let o be 0 + -2 + (-1 - -2). Let r = -11 + o. Let y be (-430)/(-3) - 8/r. Calculate the highest common factor of 18 and y.
18
Suppose 0 = -6*w + 6 + 30. What is the highest common divisor of w and 42?
6
Suppose -629 = -5*l - 0*l - 3*r, 0 = 2*l + 4*r - 260. Suppose -7*t = -3*t - 748. Let v